{"id":40,"date":"2024-01-07T19:42:10","date_gmt":"2024-01-07T19:42:10","guid":{"rendered":"https:\/\/mandarin-verlag.de\/?page_id=40"},"modified":"2026-02-14T15:42:25","modified_gmt":"2026-02-14T15:42:25","slug":"kinderbuecher","status":"publish","type":"page","link":"https:\/\/mandarin-verlag.de\/?page_id=40","title":{"rendered":"Kinderb\u00fccher"},"content":{"rendered":"\n<p>Alle B\u00fccher k\u00f6nnen Sie <a href=\"https:\/\/mandarin-verlag.de\/wp-admin\/post.php?post=55&amp;action=edit\">direkt ab Verlag bestellen<\/a>.<\/p>\n\n\n\n<hr class=\"wp-block-separator has-alpha-channel-opacity\"\/>\n\n\n\n<h2 class=\"wp-block-heading\">Der Entefant<\/h2>\n\n\n\n<p>Holger Montag<\/p>\n\n\n\n<figure class=\"wp-block-image size-full is-resized\"><img loading=\"lazy\" decoding=\"async\" width=\"570\" height=\"404\" src=\"https:\/\/mandarin-verlag.de\/wp-content\/uploads\/2024\/01\/Entefant-Titel-kl.jpg\" alt=\"\" class=\"wp-image-46\" style=\"width:212px;height:auto\" srcset=\"https:\/\/mandarin-verlag.de\/wp-content\/uploads\/2024\/01\/Entefant-Titel-kl.jpg 570w, https:\/\/mandarin-verlag.de\/wp-content\/uploads\/2024\/01\/Entefant-Titel-kl-300x213.jpg 300w\" sizes=\"(max-width: 570px) 100vw, 570px\" \/><\/figure>\n\n\n\n<details class=\"wp-block-details is-layout-flow wp-block-details-is-layout-flow\"><summary>Der Entefant ist ganz anders als all seine Verwandten. So gerne w\u00e4re er wie sie und t\u00e4te das, was auch sie tun. Nach Malle verreisen, zum Beispiel.<br><br>Doch auch das misslingt ihm. Zum Gl\u00fcck. Denn er erkennt, dass die Welt erst durch \u201eAndere\u201c wie ihn so richtig sch\u00f6n bunt wird. <br><br>&#8222;Ein nicht nur in Sachen LGBTQ-Toleranz topaktuelles, kleines Kinderbuch und ein Pl\u00e4doyer f\u00fcr individuelle Selbstbestimmung!&#8220; <br><br>Holger Montag: Der Entefant, Kinderbuch, 36 Seiten, Spiralbindung, 5,00 EUR [D]<\/summary>\n<p><\/p>\n\n\n\n<h2 class=\"wp-block-heading\"><\/h2>\n\n\n\n<p>Bestellen unter info@mandarin-verlag.de<\/p>\n<\/details>\n\n\n\n<hr class=\"wp-block-separator has-alpha-channel-opacity\"\/>\n\n\n\n<h2 class=\"wp-block-heading\">Uxe &amp; die Calaveras<\/h2>\n\n\n\n<p>Holger Montag<\/p>\n\n\n\n<figure class=\"wp-block-image size-full is-resized\"><img loading=\"lazy\" decoding=\"async\" width=\"289\" height=\"311\" src=\"https:\/\/mandarin-verlag.de\/wp-content\/uploads\/2024\/01\/Screenshot-2024-01-07-211434.jpg\" alt=\"\" class=\"wp-image-49\" style=\"width:212px;height:auto\" srcset=\"https:\/\/mandarin-verlag.de\/wp-content\/uploads\/2024\/01\/Screenshot-2024-01-07-211434.jpg 289w, https:\/\/mandarin-verlag.de\/wp-content\/uploads\/2024\/01\/Screenshot-2024-01-07-211434-279x300.jpg 279w\" sizes=\"(max-width: 289px) 100vw, 289px\" \/><\/figure>\n\n\n\n<details class=\"wp-block-details is-layout-flow wp-block-details-is-layout-flow\"><summary>Im Schwarzen Haus, so hei\u00dft es, leben seltsame Menschen, die sich von Flederm\u00e4usen und Haustieren ern\u00e4hren. Kein Wunder also, dass Lemmy Angst um seinen Hund Butch hat, als dieser ausgerechnet in Richtung des Schwarzen Hauses ausb\u00fcxt.<br><br>Als Lemmy einen der Bewohner des Schwarzen Hauses kennenlernt, werden seine Vorurteile jedoch schnell widerlegt. Uxe ist zwar tats\u00e4chlich etwas seltsam, hat aber wie Lemmy viel mehr Appetit auf S\u00fc\u00dfigkeiten als auf Hunde. Wie gut, dass Halloween vor der T\u00fcr steht, dann hagelt es n\u00e4mlich S\u00fc\u00dfes. Oder Saures.<br><br>Doch zun\u00e4chst muss Uxe das Schwarze Haus noch f\u00fcr diesen dia de los muertos schm\u00fccken, den Tag der Toten, an welchem ihn angeblich sein verstorbener Gro\u00dfvater besuchen kommt. Und dann gilt es noch, das Geheimnis um die verschwundenen Haustiere zu l\u00fcften&#8230;<br><br>Ein schaurig-sch\u00f6nes Buch \u00fcber Freundschaft, Mut und das Feiern des Lebens \u00fcber den Tod hinaus.<br>Holger Montag: Uxe &amp; die Calaveras, Kinderbuch,  <strong>ISBN-13<\/strong>: 978-3-9809325-6-1, 56 Seiten, Hardcover, 13,00 EUR [D]<\/summary>\n<p><\/p>\n\n\n\n<p>Bestellen unter info@mandarin-verlag.de<\/p>\n<\/details>\n\n\n\n<hr class=\"wp-block-separator has-alpha-channel-opacity\"\/>\n\n\n\n<h2 class=\"wp-block-heading\">Uxe and the calaveras (engl.)<\/h2>\n\n\n\n<p>Holger Montag<\/p>\n\n\n\n<figure class=\"wp-block-image size-full is-resized\"><img loading=\"lazy\" decoding=\"async\" width=\"600\" height=\"651\" src=\"https:\/\/mandarin-verlag.de\/wp-content\/uploads\/2024\/01\/130526UxeCoverenglSpardaae.jpg\" alt=\"\" class=\"wp-image-50\" style=\"width:213px;height:auto\" srcset=\"https:\/\/mandarin-verlag.de\/wp-content\/uploads\/2024\/01\/130526UxeCoverenglSpardaae.jpg 600w, https:\/\/mandarin-verlag.de\/wp-content\/uploads\/2024\/01\/130526UxeCoverenglSpardaae-276x300.jpg 276w\" sizes=\"(max-width: 600px) 100vw, 600px\" \/><\/figure>\n\n\n\n<details class=\"wp-block-details is-layout-flow wp-block-details-is-layout-flow\"><summary>Holger Montag: Uxe and the calaveras, childrens book, 56 sides, softcover, englischsprachige Version, 9,00 EUR [D]<\/summary>\n<p><\/p>\n<\/details>\n\n\n\n<p><\/p>\n\n\n\n<hr class=\"wp-block-separator has-alpha-channel-opacity\"\/>\n\n\n\n<h2 class=\"wp-block-heading\">Der Rocket M\u00e4n<\/h2>\n\n\n\n<p>Holger Montag<\/p>\n\n\n\n<figure class=\"wp-block-image size-full is-resized\"><img loading=\"lazy\" decoding=\"async\" width=\"807\" height=\"829\" src=\"https:\/\/mandarin-verlag.de\/wp-content\/uploads\/2024\/01\/CoverRM-1.jpg\" alt=\"\" class=\"wp-image-48\" style=\"width:214px;height:auto\" srcset=\"https:\/\/mandarin-verlag.de\/wp-content\/uploads\/2024\/01\/CoverRM-1.jpg 807w, https:\/\/mandarin-verlag.de\/wp-content\/uploads\/2024\/01\/CoverRM-1-292x300.jpg 292w, https:\/\/mandarin-verlag.de\/wp-content\/uploads\/2024\/01\/CoverRM-1-768x789.jpg 768w\" sizes=\"(max-width: 767px) 89vw, (max-width: 1000px) 54vw, (max-width: 1071px) 543px, 580px\" \/><\/figure>\n\n\n\n<details class=\"wp-block-details is-layout-flow wp-block-details-is-layout-flow\"><summary>Ein Fremder gastiert im Ort. Er kam in einem klapprigen Lieferwagen an, auf dessen Flanken \u201eDer Rocket M\u00e4n kommt auch in Ihre Stadt\u201c steht. (Wobei sich die Punkte auf dem \u201e\u00e4\u201c bei n\u00e4herer Betrachtung als Einschussl\u00f6cher herausstellen.) Hinter dem Friedhof und der Fabrik, nah beim Zoo, schl\u00e4gt er seine Zelte auf. Genauer: Sein Tipi.<br><br>Der Fremde hat eine Leidenschaft: Dinge tauschen. Eine Schere gegen Br\u00f6tchen. Das eigene Stockbrot gegen einen Haarschnitt. Er k\u00f6nnte also ebenso gut autark leben, sein eigenes Brot verzehren und sich selbst die Haare schneiden. Doch er liebt soziale Kontakte und ein pers\u00f6nliches Gespr\u00e4ch. Das Tauschen bringt ihn mit anderen Menschen zusammen. Und nach und nach gibt jeder von ihnen Pers\u00f6nliches preis, schildert Nettes \u00fcber Nachbarn oder den eigenen Chef \u2013 und erz\u00e4hlt dem Fremden, was er\/sie gerne mit ins Weltall nehmen m\u00f6chte.<br><br>Denn der Rocket M\u00e4n \u2013 wie der Fremde schon bald im Ort genannt wird \u2013 baut an einer Rakete. Wobei er sich nicht gerade als ingeni\u00f6ses Genie entpuppt, denn die Spitze seiner Rakete zeigt zu Boden. Doch er arbeitet unerm\u00fcdlich Nacht f\u00fcr Nacht an ihr. Obwohl er niemanden damit bel\u00e4stigt, sind nicht alle Menschen freundlich zu ihm. Einige B\u00fcrger w\u00fcnschen sich, er m\u00f6ge am Morgen verschwunden und alles wieder so sein wie vor seiner Ankunft. Denn er st\u00f6rt ihre Ordnung.<br><br>Eines Tages ist die Rakete fertig. Der Rocket M\u00e4n hat f\u00fcr jeden seiner G\u00e4ste eine individuelle Show vorbereitet. So erh\u00e4lt jeder \u2013 ob alt oder jung \u2013 f\u00fcnf Minuten Achtsamkeit.<br><br>Am Tag nach der Pr\u00e4sentation der Rakete reist der Rocket M\u00e4n ab. Seine Mission ist erf\u00fcllt und im n\u00e4chsten Ort wartet man schon auf ihn \u2013 ohne es zu wissen. Seine Rakete und seine neuen Freunde bleiben zur\u00fcck. Wird er wiederkommen?<br><br>Holger Montag: Der Rocket M\u00e4n, Kinderbuch, <strong>ISBN-13<\/strong>: 978-3-9809325-3-0, 68 Seiten, Hardcover, Farbschnitt,  18,00 EUR [D]<\/summary>\n<p><\/p>\n<\/details>\n\n\n\n<hr class=\"wp-block-separator has-alpha-channel-opacity\"\/>\n\n\n\n<p><strong>Leserstimmen<\/strong>: <\/p>\n\n\n\n<p><em>\u201eDer Rocket M\u00e4n\u201c ist wirklich ein faszinierendes Kinderbuch, das die Vorstellungskraft anregt. Die Idee, dass der Fremde durch Tauschgesch\u00e4fte soziale Kontakte kn\u00fcpft, finde ich besonders interessant. Es zeigt, wie wichtig pers\u00f6nliche Gespr\u00e4che und der Austausch von Ideen sind. Die Rakete als Symbol f\u00fcr seine Mission und die individuelle Show f\u00fcr jeden Gast machen die Geschichte noch lebendiger. Ich frage mich, ob der Rocket M\u00e4n in anderen St\u00e4dten \u00e4hnliche Erfahrungen machen wird und wie die Menschen dort ihn aufnehmen werden.<\/em><\/p>\n\n\n\n<p><em>Die Geschichte des Rocket M\u00e4n ist wirklich faszinierend und ber\u00fchrend. Es ist beeindruckend, wie er durch das Tauschen von Dingen soziale Bindungen schafft und Menschen dazu bringt, pers\u00f6nliche Geschichten zu teilen. Die Idee, dass jeder Mensch f\u00fcnf Minuten Achtsamkeit erh\u00e4lt, ist besonders inspirierend und zeigt, wie wichtig es ist, auf andere einzugehen. Gleichzeitig ist es traurig, dass nicht alle Bewohner des Ortes seine Anwesenheit sch\u00e4tzen und ihn sogar wegw\u00fcnschen. Die Frage, ob der Rocket M\u00e4n wiederkommen wird, l\u00e4sst einen mit einem Gef\u00fchl der Ungewissheit zur\u00fcck.<\/em><\/p>\n\n\n\n<p><em>Das Buch klingt nach einer faszinierenden Mischung aus Abenteuer und Menschlichkeit. Der Rocket M\u00e4n scheint ein echter Charakter zu sein, der die Menschen auf ungew\u00f6hnliche Weise zusammenbringt. Ich finde es interessant, wie er durch das Tauschen von Gegenst\u00e4nden soziale Kontakte kn\u00fcpft und dabei die Geschichten der Einwohner erf\u00e4hrt. Die Rakete, die er baut, ist ein Symbol f\u00fcr seine eigene Mission, aber auch f\u00fcr die Tr\u00e4ume der Menschen um ihn herum. Es ist schade, dass nicht alle ihn willkommen hei\u00dfen, aber vielleicht braucht jeder Ort so jemanden, der die Routine durchbricht. Werden die Einwohner nach seiner Abreise etwas davon behalten, was er ihnen gegeben hat?<\/em><\/p>\n\n\n\n<p><em>Interessante Geschichte \u00fcber den Rocket M\u00e4n! Es fasziniert mich, wie er durch Tauschgesch\u00e4fte Verbindungen zu den Menschen kn\u00fcpft und dabei ihre Geheimnisse erf\u00e4hrt. Die Idee, eine Rakete zu bauen, obwohl sie offensichtlich nicht funktioniert, zeigt seine Entschlossenheit und seinen Humor. Manche Bewohner scheinen ihn jedoch nicht zu m\u00f6gen, was mich traurig macht \u2013 ist es wirklich so schlimm, wenn jemand die Routine unterbricht? Die Szene, in der jeder seine individuelle Show bekommt, hat mich ber\u00fchrt, aber ich frage mich, ob die Menschen wirklich etwas daraus mitgenommen haben. Wird er wirklich wiederkommen, oder bleibt er nur eine seltsame Erinnerung an einen Fremden, der die Stadt f\u00fcr kurze Zeit ver\u00e4nderte?<\/em><\/p>\n\n\n\n<hr class=\"wp-block-separator has-alpha-channel-opacity\"\/>\n\n\n\n<div style=\"height:44px\" aria-hidden=\"true\" class=\"wp-block-spacer\"><\/div>\n\n\n\n<p>Alle B\u00fccher k\u00f6nnen Sie <a href=\"https:\/\/mandarin-verlag.de\/wp-admin\/post.php?post=55&amp;action=edit\">direkt ab Verlag bestellen<\/a>.<\/p>\n\n\n\n<p><\/p>\n\n\n\n<p><\/p>\n","protected":false},"excerpt":{"rendered":"<p>Alle B\u00fccher k\u00f6nnen Sie direkt ab Verlag bestellen. Der Entefant Holger Montag Uxe &amp; die Calaveras Holger Montag Uxe and the calaveras (engl.) Holger Montag Der Rocket M\u00e4n Holger Montag Leserstimmen: \u201eDer Rocket M\u00e4n\u201c ist wirklich ein faszinierendes Kinderbuch, das die Vorstellungskraft anregt. Die Idee, dass der Fremde durch Tauschgesch\u00e4fte soziale Kontakte kn\u00fcpft, finde ich &hellip; <\/p>\n<p class=\"link-more\"><a href=\"https:\/\/mandarin-verlag.de\/?page_id=40\" class=\"more-link\"><span class=\"screen-reader-text\">\u201eKinderb\u00fccher\u201c<\/span> weiterlesen<\/a><\/p>\n","protected":false},"author":1,"featured_media":0,"parent":0,"menu_order":0,"comment_status":"closed","ping_status":"closed","template":"","meta":{"footnotes":""},"_links":{"self":[{"href":"https:\/\/mandarin-verlag.de\/index.php?rest_route=\/wp\/v2\/pages\/40"}],"collection":[{"href":"https:\/\/mandarin-verlag.de\/index.php?rest_route=\/wp\/v2\/pages"}],"about":[{"href":"https:\/\/mandarin-verlag.de\/index.php?rest_route=\/wp\/v2\/types\/page"}],"author":[{"embeddable":true,"href":"https:\/\/mandarin-verlag.de\/index.php?rest_route=\/wp\/v2\/users\/1"}],"replies":[{"embeddable":true,"href":"https:\/\/mandarin-verlag.de\/index.php?rest_route=%2Fwp%2Fv2%2Fcomments&post=40"}],"version-history":[{"count":17,"href":"https:\/\/mandarin-verlag.de\/index.php?rest_route=\/wp\/v2\/pages\/40\/revisions"}],"predecessor-version":[{"id":136,"href":"https:\/\/mandarin-verlag.de\/index.php?rest_route=\/wp\/v2\/pages\/40\/revisions\/136"}],"wp:attachment":[{"href":"https:\/\/mandarin-verlag.de\/index.php?rest_route=%2Fwp%2Fv2%2Fmedia&parent=40"}],"curies":[{"name":"wp","href":"https:\/\/api.w.org\/{rel}","templated":true}]}}